{"id":6,"date":"2022-12-16T11:01:52","date_gmt":"2022-12-16T10:01:52","guid":{"rendered":"http:\/\/reznor.pl\/?page_id=6"},"modified":"2025-04-14T10:25:00","modified_gmt":"2025-04-14T08:25:00","slug":"kontakt","status":"publish","type":"page","link":"https:\/\/reznor.pl\/index.php\/kontakt\/","title":{"rendered":"Kontakt"},"content":{"rendered":"\n<p class=\"has-black-color has-white-background-color has-text-color has-background has-small-font-size\"><\/p>\n\n\n\n<h2 class=\"wp-block-heading has-vivid-red-color has-text-color has-link-color wp-elements-d0228e895daad5f56b842cdafd2ee735\">Formularz kontaktowy<\/h2>\n\n\n<div class=\"wpforms-container wpforms-container-full wpforms-block wpforms-block-48378fdd-006c-4948-bd31-f05a2c12ab3e wpforms-render-modern\" id=\"wpforms-213\"><form id=\"wpforms-form-213\" class=\"wpforms-validate wpforms-form wpforms-ajax-form\" data-formid=\"213\" method=\"post\" enctype=\"multipart\/form-data\" action=\"\/index.php\/wp-json\/wp\/v2\/pages\/6\" data-token=\"c569ddfeae1eaaeb9eb8213c9f9bcb43\" data-token-time=\"1777636864\"><noscript class=\"wpforms-error-noscript\">Aby wype\u0142ni\u0107 ten formularz, w\u0142\u0105cz obs\u0142ug\u0119 JavaScript w przegl\u0105darce.<\/noscript><div id=\"wpforms-error-noscript\" style=\"display: none;\">Aby wype\u0142ni\u0107 ten formularz, w\u0142\u0105cz obs\u0142ug\u0119 JavaScript w przegl\u0105darce.<\/div><div class=\"wpforms-field-container\"><div id=\"wpforms-213-field_1-container\" class=\"wpforms-field wpforms-field-name\" data-field-id=\"1\"><fieldset><legend class=\"wpforms-field-label\">Osoba kontaktowa <span class=\"wpforms-required-label\" aria-hidden=\"true\">*<\/span><\/legend><div class=\"wpforms-field-row wpforms-field-medium\"><div class=\"wpforms-field-row-block wpforms-first wpforms-one-half\"><input type=\"text\" id=\"wpforms-213-field_1\" class=\"wpforms-field-name-first wpforms-field-required\" name=\"wpforms[fields][1][first]\" aria-errormessage=\"wpforms-213-field_1-error\" required><label for=\"wpforms-213-field_1\" class=\"wpforms-field-sublabel after\">Pierwszy<\/label><\/div><div class=\"wpforms-field-row-block wpforms-one-half\"><input type=\"text\" id=\"wpforms-213-field_1-last\" class=\"wpforms-field-name-last wpforms-field-required\" name=\"wpforms[fields][1][last]\" aria-errormessage=\"wpforms-213-field_1-last-error\" required><label for=\"wpforms-213-field_1-last\" class=\"wpforms-field-sublabel after\">Ostatni<\/label><\/div><\/div><\/fieldset><\/div><div id=\"wpforms-213-field_4-container\" class=\"wpforms-field wpforms-field-text\" data-field-id=\"4\"><label class=\"wpforms-field-label\" for=\"wpforms-213-field_4\">Nazwa firmy<\/label><input type=\"text\" id=\"wpforms-213-field_4\" class=\"wpforms-field-medium\" name=\"wpforms[fields][4]\" aria-errormessage=\"wpforms-213-field_4-error\" ><\/div>\t\t<div id=\"wpforms-213-field_9-container\"\n\t\t\tclass=\"wpforms-field wpforms-field-text\"\n\t\t\tdata-field-type=\"text\"\n\t\t\tdata-field-id=\"9\"\n\t\t\t>\n\t\t\t<label class=\"wpforms-field-label\" for=\"wpforms-213-field_9\" >Komentarz INFORMACYJNA INFORMACJE<\/label>\n\t\t\t<input type=\"text\" id=\"wpforms-213-field_9\" class=\"wpforms-field-medium\" name=\"wpforms[fields][9]\" >\n\t\t<\/div>\n\t\t<div id=\"wpforms-213-field_5-container\" class=\"wpforms-field wpforms-field-text\" data-field-id=\"5\"><label class=\"wpforms-field-label\" for=\"wpforms-213-field_5\">Numer telefonu<\/label><input type=\"text\" id=\"wpforms-213-field_5\" class=\"wpforms-field-medium\" name=\"wpforms[fields][5]\" aria-errormessage=\"wpforms-213-field_5-error\" ><\/div><div id=\"wpforms-213-field_2-container\" class=\"wpforms-field wpforms-field-email\" data-field-id=\"2\"><label class=\"wpforms-field-label\" for=\"wpforms-213-field_2\">Adres e-mail <span class=\"wpforms-required-label\" aria-hidden=\"true\">*<\/span><\/label><input type=\"email\" id=\"wpforms-213-field_2\" class=\"wpforms-field-medium wpforms-field-required\" name=\"wpforms[fields][2]\" spellcheck=\"false\" aria-errormessage=\"wpforms-213-field_2-error\" required><\/div><div id=\"wpforms-213-field_3-container\" class=\"wpforms-field wpforms-field-textarea\" data-field-id=\"3\"><label class=\"wpforms-field-label\" for=\"wpforms-213-field_3\">Komentarz lub wiadomo\u015b\u0107 <span class=\"wpforms-required-label\" aria-hidden=\"true\">*<\/span><\/label><textarea id=\"wpforms-213-field_3\" class=\"wpforms-field-medium wpforms-field-required\" name=\"wpforms[fields][3]\" aria-errormessage=\"wpforms-213-field_3-error\" required><\/textarea><\/div><div id=\"wpforms-213-field_6-container\" class=\"wpforms-field wpforms-field-checkbox\" data-field-id=\"6\"><fieldset><legend class=\"wpforms-field-label\">OCHRONA DANYCH OSOBOWYCH (obowi\u0105zkowe) <span class=\"wpforms-required-label\" aria-hidden=\"true\">*<\/span><\/legend><ul id=\"wpforms-213-field_6\" class=\"wpforms-field-required\"><li class=\"choice-1 depth-1\"><input type=\"checkbox\" id=\"wpforms-213-field_6_1\" name=\"wpforms[fields][6][]\" value=\"Wyra\u017cam zgod\u0119\" aria-errormessage=\"wpforms-213-field_6_1-error\" aria-describedby=\"wpforms-213-field_6-description\" required ><label class=\"wpforms-field-label-inline\" for=\"wpforms-213-field_6_1\">Wyra\u017cam zgod\u0119<\/label><\/li><\/ul><div id=\"wpforms-213-field_6-description\" class=\"wpforms-field-description\">Zgodnie z art. 6 ust.1 lit. a og\u00f3lnego rozporz\u0105dzenia o ochronie danych osobowych z dnia 27 kwietnia 2016 r.(Dz. Urz. UE L 119 z 04.05.2016) wyra\u017cam zgod\u0119 na przetwarzanie moich danych osobowych, w zwi\u0105zku z przes\u0142anym przeze mnie zapytaniem. Podanie danych jest dobrowolne, ale niezb\u0119dne do przetworzenia zapytania. Jednocze\u015bnie potwierdzam, \u017ce zapozna\u0142em si\u0119 z klauzula informacyjn\u0105 i polityk\u0105 prywatno\u015bci firmy Sollucens Rafa\u0142 Lorenz.*<\/div><\/fieldset><\/div><div id=\"wpforms-213-field_7-container\" class=\"wpforms-field wpforms-field-checkbox\" data-field-id=\"7\"><fieldset><legend class=\"wpforms-field-label\">INFORMACJE HANDLOWE (dobrowolne)<\/legend><ul id=\"wpforms-213-field_7\"><li class=\"choice-1 depth-1\"><input type=\"checkbox\" id=\"wpforms-213-field_7_1\" name=\"wpforms[fields][7][]\" value=\"Wyra\u017cam zgod\u0119\" aria-errormessage=\"wpforms-213-field_7_1-error\" aria-describedby=\"wpforms-213-field_7-description\"  ><label class=\"wpforms-field-label-inline\" for=\"wpforms-213-field_7_1\">Wyra\u017cam zgod\u0119<\/label><\/li><\/ul><div id=\"wpforms-213-field_7-description\" class=\"wpforms-field-description\">Wyra\u017cam zgod\u0119 na otrzymywanie, informacji handlowo-marketingowych przesy\u0142anych z u\u017cyciem telekomunikacyjnych urz\u0105dze\u0144 ko\u0144cowych i tzw. automatycznych system\u00f3w wywo\u0142uj\u0105cych, wybieraj\u0105c, jako form\u0119 kontaktu: sms, telefon, e-mail oraz newsletter.<\/div><\/fieldset><\/div><div id=\"wpforms-213-field_8-container\" class=\"wpforms-field wpforms-field-textarea\" data-field-id=\"8\"><label class=\"wpforms-field-label\" for=\"wpforms-213-field_8\">KLAUZULA INFORMACYJNA<\/label><textarea id=\"wpforms-213-field_8\" class=\"wpforms-field-medium\" name=\"wpforms[fields][8]\" aria-errormessage=\"wpforms-213-field_8-error\" aria-describedby=\"wpforms-213-field_8-description\" ><\/textarea><div id=\"wpforms-213-field_8-description\" class=\"wpforms-field-description\">Na podstawie Rozporz\u0105dzenia Parlamentu Europejskiego i Rady (UE) 2016\/679 z dnia 27 kwietnia 2016 r w sprawie ochrony danych osobowych i swobodnego przep\u0142ywu takich danych informujemy, \u017be:\nAdministratorem Pani\/Pana danych osobowych jest Sollucens Rafa\u0142 Lorenz. z siedzib\u0105 w Komornikach, przy ulicy Kalinowa 27.\nPani\/Pana dane osobowe b\u0119d\u0105 przetwarzane w celu przygotowania oferty, w celu zawarcia lub wykonania umowy , dane b\u0119d\u0105 przetwarzane przez okres potrzebny do opracowania i przedstawienia oferty albo wykonania umowy, a po jego up\u0142ywie przez okres niezb\u0119dny do:\n\u2013 posprzeda\u017cowej obs\u0142ugi klient\u00f3w ( reklamacje)\n\u2013 wype\u0142nienia obowi\u0105zku prawnego wynikaj\u0105cego z przepis\u00f3w podatkowych i rachunkowych Administratora danych. Zabezpieczenia lub dochodzenia ewentualnych roszcze\u0144 przys\u0142uguj\u0105cych Administratorowi danych.\nPani\/ Pana dane osobowe nie b\u0119d\u0105 przekazywane do pa\u0144stw trzecich\nPani\/ Pana dane osobowe b\u0119d\u0105 przechowywane przez okres wynikaj\u0105cy z powszechnie obowi\u0105zuj\u0105cych przepis\u00f3w prawa.\nW zwi\u0105zku z przetwarzaniem danych osobowych przys\u0142uguje Pani \/Panu prawo do:\n\u2013 dost\u0119pu do danych osobowych\n\u2013 prawo  sprostowania danych osobowych\n\u2013 prawo usuni\u0119cia danych osobowych ( prawo do bycia zapomnianym)\n\u2013 prawo do ograniczenia przetwarzania danych osobowych\n\u2013 prawo do przenoszenia danych do innego administratora\n\u2013 prawo do wniesienia sprzeciwu wobec przetwarzania danych osobowych\n\u2013 prawo do cofni\u0119cia zgody\n\u2013 prawo wniesienia skargi do Prezesa Urz\u0119du ochrony danych Osobowych gdy uzna Pan\/Pani, \u017ce przetwarzanie danych osobowych narusza przepisy Rozporz\u0105dzenia.<\/div><\/div><script>\n\t\t\t\t( function() {\n\t\t\t\t\tconst style = document.createElement( 'style' );\n\t\t\t\t\tstyle.appendChild( document.createTextNode( '#wpforms-213-field_9-container { position: absolute !important; overflow: hidden !important; display: inline !important; height: 1px !important; width: 1px !important; z-index: -1000 !important; padding: 0 !important; } #wpforms-213-field_9-container input { visibility: hidden; } #wpforms-conversational-form-page #wpforms-213-field_9-container label { counter-increment: none; }' ) );\n\t\t\t\t\tdocument.head.appendChild( style );\n\t\t\t\t\tdocument.currentScript?.remove();\n\t\t\t\t} )();\n\t\t\t<\/script><\/div><!-- .wpforms-field-container --><div class=\"wpforms-recaptcha-container wpforms-is-recaptcha wpforms-is-recaptcha-type-v3\" ><input type=\"hidden\" name=\"wpforms[recaptcha]\" value=\"\"><\/div><div class=\"wpforms-submit-container\" ><input type=\"hidden\" name=\"wpforms[id]\" value=\"213\"><input type=\"hidden\" name=\"page_title\" value=\"\"><input type=\"hidden\" name=\"page_url\" value=\"https:\/\/reznor.pl\/index.php\/wp-json\/wp\/v2\/pages\/6\"><input type=\"hidden\" name=\"url_referer\" value=\"\"><button type=\"submit\" name=\"wpforms[submit]\" id=\"wpforms-submit-213\" class=\"wpforms-submit\" data-alt-text=\"Wysy\u0142anie...\" data-submit-text=\"Prze\u015blij\" aria-live=\"assertive\" value=\"wpforms-submit\">Prze\u015blij<\/button><img loading=\"lazy\" decoding=\"async\" src=\"https:\/\/reznor.pl\/wp-content\/plugins\/wpforms-lite\/assets\/images\/submit-spin.svg\" class=\"wpforms-submit-spinner\" style=\"display: none;\" width=\"26\" height=\"26\" alt=\"Wczytywanie\"><\/div><\/form><\/div>  <!-- .wpforms-container -->","protected":false},"excerpt":{"rendered":"<p>Formularz kontaktowy<\/p>\n","protected":false},"author":1,"featured_media":0,"parent":0,"menu_order":0,"comment_status":"closed","ping_status":"closed","template":"","meta":{"footnotes":""},"class_list":["post-6","page","type-page","status-publish","hentry"],"yoast_head":"<!-- This site is optimized with the Yoast SEO plugin v27.5 - https:\/\/yoast.com\/product\/yoast-seo-wordpress\/ -->\n<title>Kontakt - Reznor<\/title>\n<meta name=\"robots\" content=\"index, follow, max-snippet:-1, max-image-preview:large, max-video-preview:-1\" \/>\n<link rel=\"canonical\" href=\"https:\/\/reznor.pl\/index.php\/kontakt\/\" \/>\n<meta property=\"og:locale\" content=\"pl_PL\" \/>\n<meta property=\"og:type\" content=\"article\" \/>\n<meta property=\"og:title\" content=\"Kontakt - Reznor\" \/>\n<meta property=\"og:description\" content=\"Formularz kontaktowy\" \/>\n<meta property=\"og:url\" content=\"https:\/\/reznor.pl\/index.php\/kontakt\/\" \/>\n<meta property=\"og:site_name\" content=\"Reznor\" \/>\n<meta property=\"article:modified_time\" content=\"2025-04-14T08:25:00+00:00\" \/>\n<meta name=\"twitter:card\" content=\"summary_large_image\" \/>\n<meta name=\"twitter:label1\" content=\"Szacowany czas czytania\" \/>\n\t<meta name=\"twitter:data1\" content=\"1 minuta\" \/>\n<script type=\"application\/ld+json\" class=\"yoast-schema-graph\">{\"@context\":\"https:\\\/\\\/schema.org\",\"@graph\":[{\"@type\":\"WebPage\",\"@id\":\"https:\\\/\\\/reznor.pl\\\/index.php\\\/kontakt\\\/\",\"url\":\"https:\\\/\\\/reznor.pl\\\/index.php\\\/kontakt\\\/\",\"name\":\"Kontakt - Reznor\",\"isPartOf\":{\"@id\":\"https:\\\/\\\/reznor.pl\\\/#website\"},\"datePublished\":\"2022-12-16T10:01:52+00:00\",\"dateModified\":\"2025-04-14T08:25:00+00:00\",\"breadcrumb\":{\"@id\":\"https:\\\/\\\/reznor.pl\\\/index.php\\\/kontakt\\\/#breadcrumb\"},\"inLanguage\":\"pl-PL\",\"potentialAction\":[{\"@type\":\"ReadAction\",\"target\":[\"https:\\\/\\\/reznor.pl\\\/index.php\\\/kontakt\\\/\"]}]},{\"@type\":\"BreadcrumbList\",\"@id\":\"https:\\\/\\\/reznor.pl\\\/index.php\\\/kontakt\\\/#breadcrumb\",\"itemListElement\":[{\"@type\":\"ListItem\",\"position\":1,\"name\":\"Strona g\u0142\u00f3wna\",\"item\":\"https:\\\/\\\/reznor.pl\\\/\"},{\"@type\":\"ListItem\",\"position\":2,\"name\":\"Kontakt\"}]},{\"@type\":\"WebSite\",\"@id\":\"https:\\\/\\\/reznor.pl\\\/#website\",\"url\":\"https:\\\/\\\/reznor.pl\\\/\",\"name\":\"Reznor\",\"description\":\"Od ponad 137 lat ufamy, \u017ce przekraczamy oczekiwania naszych klient\u00f3w, dostarczaj\u0105c skuteczne i ekonomiczne produkty i rozwi\u0105zania dzi\u0119ki wiedzy specjalistycznej, partnerstwu i innowacjom.\",\"potentialAction\":[{\"@type\":\"SearchAction\",\"target\":{\"@type\":\"EntryPoint\",\"urlTemplate\":\"https:\\\/\\\/reznor.pl\\\/?s={search_term_string}\"},\"query-input\":{\"@type\":\"PropertyValueSpecification\",\"valueRequired\":true,\"valueName\":\"search_term_string\"}}],\"inLanguage\":\"pl-PL\"}]}<\/script>\n<!-- \/ Yoast SEO plugin. -->","yoast_head_json":{"title":"Kontakt - Reznor","robots":{"index":"index","follow":"follow","max-snippet":"max-snippet:-1","max-image-preview":"max-image-preview:large","max-video-preview":"max-video-preview:-1"},"canonical":"https:\/\/reznor.pl\/index.php\/kontakt\/","og_locale":"pl_PL","og_type":"article","og_title":"Kontakt - Reznor","og_description":"Formularz kontaktowy","og_url":"https:\/\/reznor.pl\/index.php\/kontakt\/","og_site_name":"Reznor","article_modified_time":"2025-04-14T08:25:00+00:00","twitter_card":"summary_large_image","twitter_misc":{"Szacowany czas czytania":"1 minuta"},"schema":{"@context":"https:\/\/schema.org","@graph":[{"@type":"WebPage","@id":"https:\/\/reznor.pl\/index.php\/kontakt\/","url":"https:\/\/reznor.pl\/index.php\/kontakt\/","name":"Kontakt - Reznor","isPartOf":{"@id":"https:\/\/reznor.pl\/#website"},"datePublished":"2022-12-16T10:01:52+00:00","dateModified":"2025-04-14T08:25:00+00:00","breadcrumb":{"@id":"https:\/\/reznor.pl\/index.php\/kontakt\/#breadcrumb"},"inLanguage":"pl-PL","potentialAction":[{"@type":"ReadAction","target":["https:\/\/reznor.pl\/index.php\/kontakt\/"]}]},{"@type":"BreadcrumbList","@id":"https:\/\/reznor.pl\/index.php\/kontakt\/#breadcrumb","itemListElement":[{"@type":"ListItem","position":1,"name":"Strona g\u0142\u00f3wna","item":"https:\/\/reznor.pl\/"},{"@type":"ListItem","position":2,"name":"Kontakt"}]},{"@type":"WebSite","@id":"https:\/\/reznor.pl\/#website","url":"https:\/\/reznor.pl\/","name":"Reznor","description":"Od ponad 137 lat ufamy, \u017ce przekraczamy oczekiwania naszych klient\u00f3w, dostarczaj\u0105c skuteczne i ekonomiczne produkty i rozwi\u0105zania dzi\u0119ki wiedzy specjalistycznej, partnerstwu i innowacjom.","potentialAction":[{"@type":"SearchAction","target":{"@type":"EntryPoint","urlTemplate":"https:\/\/reznor.pl\/?s={search_term_string}"},"query-input":{"@type":"PropertyValueSpecification","valueRequired":true,"valueName":"search_term_string"}}],"inLanguage":"pl-PL"}]}},"_links":{"self":[{"href":"https:\/\/reznor.pl\/index.php\/wp-json\/wp\/v2\/pages\/6","targetHints":{"allow":["GET"]}}],"collection":[{"href":"https:\/\/reznor.pl\/index.php\/wp-json\/wp\/v2\/pages"}],"about":[{"href":"https:\/\/reznor.pl\/index.php\/wp-json\/wp\/v2\/types\/page"}],"author":[{"embeddable":true,"href":"https:\/\/reznor.pl\/index.php\/wp-json\/wp\/v2\/users\/1"}],"replies":[{"embeddable":true,"href":"https:\/\/reznor.pl\/index.php\/wp-json\/wp\/v2\/comments?post=6"}],"version-history":[{"count":13,"href":"https:\/\/reznor.pl\/index.php\/wp-json\/wp\/v2\/pages\/6\/revisions"}],"predecessor-version":[{"id":315,"href":"https:\/\/reznor.pl\/index.php\/wp-json\/wp\/v2\/pages\/6\/revisions\/315"}],"wp:attachment":[{"href":"https:\/\/reznor.pl\/index.php\/wp-json\/wp\/v2\/media?parent=6"}],"curies":[{"name":"wp","href":"https:\/\/api.w.org\/{rel}","templated":true}]}}