{"id":65,"date":"2023-05-30T11:07:06","date_gmt":"2023-05-30T09:07:06","guid":{"rendered":"https:\/\/reznor.pl\/?page_id=65"},"modified":"2024-09-09T10:36:53","modified_gmt":"2024-09-09T08:36:53","slug":"reznor","status":"publish","type":"page","link":"https:\/\/reznor.pl\/index.php\/reznor\/","title":{"rendered":"Reznor"},"content":{"rendered":"\n<h2 class=\"wp-block-heading\"><strong>Reznor:&nbsp;<\/strong>dostarczamy zr\u00f3wnowa\u017cone produkty i rozwi\u0105zania HVAC, kt\u00f3re poprawiaj\u0105 \u015brodowisko, w kt\u00f3rym \u017cyjemy i pracujemy.<\/h2>\n\n\n\n<h3 class=\"wp-block-heading\">Od ponad 130 lat ufamy, \u017ce przekraczamy oczekiwania naszych klient\u00f3w, dostarczaj\u0105c skuteczne i ekonomiczne produkty i rozwi\u0105zania dzi\u0119ki wiedzy specjalistycznej, partnerstwu i innowacjom.<\/h3>\n\n\n\n<h4 class=\"wp-block-heading\">Oferujemy najszersz\u0105 i najbardziej kompletn\u0105 gam\u0119 produkt\u00f3w HVAC na rynku.&nbsp;Nasza szeroka gama produkt\u00f3w i bogata wiedza pozwalaj\u0105 nam wsp\u00f3\u0142pracowa\u0107 z naszymi klientami w celu zaprojektowania najbardziej wydajnych urz\u0105dze\u0144 spe\u0142niaj\u0105cych oczekiwania rynku.<\/h4>\n","protected":false},"excerpt":{"rendered":"<p>Reznor:&nbsp;dostarczamy zr\u00f3wnowa\u017cone produkty i rozwi\u0105zania HVAC, kt\u00f3re poprawiaj\u0105 \u015brodowisko, w kt\u00f3rym \u017cyjemy i pracujemy. Od ponad 130 lat ufamy, \u017ce przekraczamy oczekiwania [&hellip;]<\/p>\n","protected":false},"author":1,"featured_media":0,"parent":0,"menu_order":0,"comment_status":"closed","ping_status":"closed","template":"","meta":{"footnotes":""},"class_list":["post-65","page","type-page","status-publish","hentry"],"yoast_head":"<!-- This site is optimized with the Yoast SEO plugin v27.5 - https:\/\/yoast.com\/product\/yoast-seo-wordpress\/ -->\n<title>Reznor - Reznor<\/title>\n<meta name=\"description\" content=\"Reznor dostarczamy zr\u00f3wnowa\u017cone produkty i rozwi\u0105zania HVAC, kt\u00f3re poprawiaj\u0105 \u015brodowisko, w kt\u00f3rym \u017cyjemy i pracujemy.\" \/>\n<meta name=\"robots\" content=\"index, follow, max-snippet:-1, max-image-preview:large, max-video-preview:-1\" \/>\n<link rel=\"canonical\" href=\"https:\/\/reznor.pl\/index.php\/reznor\/\" \/>\n<meta property=\"og:locale\" content=\"pl_PL\" \/>\n<meta property=\"og:type\" content=\"article\" \/>\n<meta property=\"og:title\" content=\"Reznor - Reznor\" \/>\n<meta property=\"og:description\" content=\"Reznor dostarczamy zr\u00f3wnowa\u017cone produkty i rozwi\u0105zania HVAC, kt\u00f3re poprawiaj\u0105 \u015brodowisko, w kt\u00f3rym \u017cyjemy i pracujemy.\" \/>\n<meta property=\"og:url\" content=\"https:\/\/reznor.pl\/index.php\/reznor\/\" \/>\n<meta property=\"og:site_name\" content=\"Reznor\" \/>\n<meta property=\"article:modified_time\" content=\"2024-09-09T08:36:53+00:00\" \/>\n<meta name=\"twitter:card\" content=\"summary_large_image\" \/>\n<meta name=\"twitter:label1\" content=\"Szacowany czas czytania\" \/>\n\t<meta name=\"twitter:data1\" content=\"1 minuta\" \/>\n<script type=\"application\/ld+json\" class=\"yoast-schema-graph\">{\"@context\":\"https:\\\/\\\/schema.org\",\"@graph\":[{\"@type\":\"WebPage\",\"@id\":\"https:\\\/\\\/reznor.pl\\\/index.php\\\/reznor\\\/\",\"url\":\"https:\\\/\\\/reznor.pl\\\/index.php\\\/reznor\\\/\",\"name\":\"Reznor - Reznor\",\"isPartOf\":{\"@id\":\"https:\\\/\\\/reznor.pl\\\/#website\"},\"datePublished\":\"2023-05-30T09:07:06+00:00\",\"dateModified\":\"2024-09-09T08:36:53+00:00\",\"description\":\"Reznor dostarczamy zr\u00f3wnowa\u017cone produkty i rozwi\u0105zania HVAC, kt\u00f3re poprawiaj\u0105 \u015brodowisko, w kt\u00f3rym \u017cyjemy i pracujemy.\",\"breadcrumb\":{\"@id\":\"https:\\\/\\\/reznor.pl\\\/index.php\\\/reznor\\\/#breadcrumb\"},\"inLanguage\":\"pl-PL\",\"potentialAction\":[{\"@type\":\"ReadAction\",\"target\":[\"https:\\\/\\\/reznor.pl\\\/index.php\\\/reznor\\\/\"]}]},{\"@type\":\"BreadcrumbList\",\"@id\":\"https:\\\/\\\/reznor.pl\\\/index.php\\\/reznor\\\/#breadcrumb\",\"itemListElement\":[{\"@type\":\"ListItem\",\"position\":1,\"name\":\"Strona g\u0142\u00f3wna\",\"item\":\"https:\\\/\\\/reznor.pl\\\/\"},{\"@type\":\"ListItem\",\"position\":2,\"name\":\"Reznor\"}]},{\"@type\":\"WebSite\",\"@id\":\"https:\\\/\\\/reznor.pl\\\/#website\",\"url\":\"https:\\\/\\\/reznor.pl\\\/\",\"name\":\"Reznor\",\"description\":\"Od ponad 137 lat ufamy, \u017ce przekraczamy oczekiwania naszych klient\u00f3w, dostarczaj\u0105c skuteczne i ekonomiczne produkty i rozwi\u0105zania dzi\u0119ki wiedzy specjalistycznej, partnerstwu i innowacjom.\",\"potentialAction\":[{\"@type\":\"SearchAction\",\"target\":{\"@type\":\"EntryPoint\",\"urlTemplate\":\"https:\\\/\\\/reznor.pl\\\/?s={search_term_string}\"},\"query-input\":{\"@type\":\"PropertyValueSpecification\",\"valueRequired\":true,\"valueName\":\"search_term_string\"}}],\"inLanguage\":\"pl-PL\"}]}<\/script>\n<!-- \/ Yoast SEO plugin. -->","yoast_head_json":{"title":"Reznor - Reznor","description":"Reznor dostarczamy zr\u00f3wnowa\u017cone produkty i rozwi\u0105zania HVAC, kt\u00f3re poprawiaj\u0105 \u015brodowisko, w kt\u00f3rym \u017cyjemy i pracujemy.","robots":{"index":"index","follow":"follow","max-snippet":"max-snippet:-1","max-image-preview":"max-image-preview:large","max-video-preview":"max-video-preview:-1"},"canonical":"https:\/\/reznor.pl\/index.php\/reznor\/","og_locale":"pl_PL","og_type":"article","og_title":"Reznor - Reznor","og_description":"Reznor dostarczamy zr\u00f3wnowa\u017cone produkty i rozwi\u0105zania HVAC, kt\u00f3re poprawiaj\u0105 \u015brodowisko, w kt\u00f3rym \u017cyjemy i pracujemy.","og_url":"https:\/\/reznor.pl\/index.php\/reznor\/","og_site_name":"Reznor","article_modified_time":"2024-09-09T08:36:53+00:00","twitter_card":"summary_large_image","twitter_misc":{"Szacowany czas czytania":"1 minuta"},"schema":{"@context":"https:\/\/schema.org","@graph":[{"@type":"WebPage","@id":"https:\/\/reznor.pl\/index.php\/reznor\/","url":"https:\/\/reznor.pl\/index.php\/reznor\/","name":"Reznor - Reznor","isPartOf":{"@id":"https:\/\/reznor.pl\/#website"},"datePublished":"2023-05-30T09:07:06+00:00","dateModified":"2024-09-09T08:36:53+00:00","description":"Reznor dostarczamy zr\u00f3wnowa\u017cone produkty i rozwi\u0105zania HVAC, kt\u00f3re poprawiaj\u0105 \u015brodowisko, w kt\u00f3rym \u017cyjemy i pracujemy.","breadcrumb":{"@id":"https:\/\/reznor.pl\/index.php\/reznor\/#breadcrumb"},"inLanguage":"pl-PL","potentialAction":[{"@type":"ReadAction","target":["https:\/\/reznor.pl\/index.php\/reznor\/"]}]},{"@type":"BreadcrumbList","@id":"https:\/\/reznor.pl\/index.php\/reznor\/#breadcrumb","itemListElement":[{"@type":"ListItem","position":1,"name":"Strona g\u0142\u00f3wna","item":"https:\/\/reznor.pl\/"},{"@type":"ListItem","position":2,"name":"Reznor"}]},{"@type":"WebSite","@id":"https:\/\/reznor.pl\/#website","url":"https:\/\/reznor.pl\/","name":"Reznor","description":"Od ponad 137 lat ufamy, \u017ce przekraczamy oczekiwania naszych klient\u00f3w, dostarczaj\u0105c skuteczne i ekonomiczne produkty i rozwi\u0105zania dzi\u0119ki wiedzy specjalistycznej, partnerstwu i innowacjom.","potentialAction":[{"@type":"SearchAction","target":{"@type":"EntryPoint","urlTemplate":"https:\/\/reznor.pl\/?s={search_term_string}"},"query-input":{"@type":"PropertyValueSpecification","valueRequired":true,"valueName":"search_term_string"}}],"inLanguage":"pl-PL"}]}},"_links":{"self":[{"href":"https:\/\/reznor.pl\/index.php\/wp-json\/wp\/v2\/pages\/65","targetHints":{"allow":["GET"]}}],"collection":[{"href":"https:\/\/reznor.pl\/index.php\/wp-json\/wp\/v2\/pages"}],"about":[{"href":"https:\/\/reznor.pl\/index.php\/wp-json\/wp\/v2\/types\/page"}],"author":[{"embeddable":true,"href":"https:\/\/reznor.pl\/index.php\/wp-json\/wp\/v2\/users\/1"}],"replies":[{"embeddable":true,"href":"https:\/\/reznor.pl\/index.php\/wp-json\/wp\/v2\/comments?post=65"}],"version-history":[{"count":6,"href":"https:\/\/reznor.pl\/index.php\/wp-json\/wp\/v2\/pages\/65\/revisions"}],"predecessor-version":[{"id":238,"href":"https:\/\/reznor.pl\/index.php\/wp-json\/wp\/v2\/pages\/65\/revisions\/238"}],"wp:attachment":[{"href":"https:\/\/reznor.pl\/index.php\/wp-json\/wp\/v2\/media?parent=65"}],"curies":[{"name":"wp","href":"https:\/\/api.w.org\/{rel}","templated":true}]}}